{"id":83,"date":"2024-07-26T10:16:24","date_gmt":"2024-07-26T13:16:24","guid":{"rendered":"https:\/\/fernandofernandes.com.br\/loja\/?post_type=product&#038;p=83"},"modified":"2024-11-01T14:13:38","modified_gmt":"2024-11-01T17:13:38","slug":"miracle-mask","status":"publish","type":"product","link":"https:\/\/studiofernandofernandes.com.br\/loja\/produto\/miracle-mask\/","title":{"rendered":"Miracle Mask"},"content":{"rendered":"<p>Restaura\u00e7\u00e3o Intensiva.<\/p>\n<p><strong>PARA CABELOS FR\u00c1GEIS E DANIFICADOS<\/strong><\/p>\n<p>Para todos os tipos de cabelo<\/p>\n<p dir=\"auto\" data-pm-slice=\"1 1 []\">\u2014<\/p>\n<p dir=\"auto\" data-pm-slice=\"1 1 []\">Redescubra a beleza dos seus cabelos com a M\u00e1scara Miracle. Essa poderosa f\u00f3rmula de restaura\u00e7\u00e3o intensiva foi desenvolvida especialmente para cuidar de fios fr\u00e1geis e danificados, independentemente do seu tipo de cabelo.<\/p>\n<p dir=\"auto\">Enriquecida com ingredientes nutritivos, a M\u00e1scara Miracle penetra profundamente na fibra capilar, reparando danos e devolvendo a for\u00e7a, maciez e brilho dos seus cabelos. Voc\u00ea ver\u00e1 uma transforma\u00e7\u00e3o surpreendente ap\u00f3s apenas uma aplica\u00e7\u00e3o.<\/p>\n<p dir=\"auto\">N\u00e3o deixe que os danos e a fragilidade comprometam a sa\u00fade e a apar\u00eancia dos seus fios. Confie na efic\u00e1cia da M\u00e1scara Miracle e recupere a vitalidade dos seus cabelos. Adquira o seu produto hoje mesmo e experimente a diferen\u00e7a!<\/p>\n<p dir=\"auto\" data-pm-slice=\"1 1 []\">\u2014<\/p>\n<p>Este produto foi cuidadosamente desenvolvido pelo expert <strong>FERNANDO FERNANDES<\/strong>. Formulado com uma combinac\u0327a\u0303o de \u00a0\u00f3leos que proporcionam sau\u0301de e brilho aos cabelos. Agentes condicionantes inovadores penetram na fibra capilar auxiliando na repara\u00e7\u00e3o das a\u0301reas enfraquecidas. Reduz o frizz, aumenta a elasticidade, nutric\u0327a\u0303o e hidratac\u0327a\u0303o dos fios. Do sala\u0303o para sua casa: tratamento profissional ao seu alcance. <strong>INDICADO PARA TODOS OS TIPOS DE CABELO<\/strong>.<\/p>\n<p>Modo de Usar:\u00a0Lave os cabelos e retire o excesso de a\u0301gua com uma toalha. Divida os cabelos em mechas e aplique a m\u00e1scara \u00a0massageando-as suavemente. Deixe agir por 15 minutos e enxague abundantemente.<\/p>\n","protected":false},"excerpt":{"rendered":"<p>Restaura\u00e7\u00e3o Intensiva. PARA CABELOS FR\u00c1GEIS E DANIFICADOS Para todos os tipos de cabelo \u2014 Redescubra a beleza dos seus cabelos com a M\u00e1scara Miracle. Essa poderosa f\u00f3rmula de restaura\u00e7\u00e3o intensiva foi desenvolvida especialmente para cuidar de fios fr\u00e1geis e danificados, independentemente do seu tipo de cabelo. Enriquecida com ingredientes nutritivos, a M\u00e1scara Miracle penetra profundamente [&hellip;]<\/p>\n","protected":false},"featured_media":334,"comment_status":"open","ping_status":"closed","template":"","meta":[],"product_brand":[],"product_cat":[18],"product_tag":[],"class_list":{"0":"post-83","1":"product","2":"type-product","3":"status-publish","4":"has-post-thumbnail","6":"product_cat-finalizadores","8":"first","9":"instock","10":"sale","11":"shipping-taxable","12":"purchasable","13":"product-type-simple"},"_links":{"self":[{"href":"https:\/\/studiofernandofernandes.com.br\/loja\/wp-json\/wp\/v2\/product\/83","targetHints":{"allow":["GET"]}}],"collection":[{"href":"https:\/\/studiofernandofernandes.com.br\/loja\/wp-json\/wp\/v2\/product"}],"about":[{"href":"https:\/\/studiofernandofernandes.com.br\/loja\/wp-json\/wp\/v2\/types\/product"}],"replies":[{"embeddable":true,"href":"https:\/\/studiofernandofernandes.com.br\/loja\/wp-json\/wp\/v2\/comments?post=83"}],"wp:featuredmedia":[{"embeddable":true,"href":"https:\/\/studiofernandofernandes.com.br\/loja\/wp-json\/wp\/v2\/media\/334"}],"wp:attachment":[{"href":"https:\/\/studiofernandofernandes.com.br\/loja\/wp-json\/wp\/v2\/media?parent=83"}],"wp:term":[{"taxonomy":"product_brand","embeddable":true,"href":"https:\/\/studiofernandofernandes.com.br\/loja\/wp-json\/wp\/v2\/product_brand?post=83"},{"taxonomy":"product_cat","embeddable":true,"href":"https:\/\/studiofernandofernandes.com.br\/loja\/wp-json\/wp\/v2\/product_cat?post=83"},{"taxonomy":"product_tag","embeddable":true,"href":"https:\/\/studiofernandofernandes.com.br\/loja\/wp-json\/wp\/v2\/product_tag?post=83"}],"curies":[{"name":"wp","href":"https:\/\/api.w.org\/{rel}","templated":true}]}}