{"id":2,"date":"2024-07-26T09:31:13","date_gmt":"2024-07-26T12:31:13","guid":{"rendered":"http:\/\/fernandofernandes.com.br\/loja\/?page_id=2"},"modified":"2024-11-19T15:33:45","modified_gmt":"2024-11-19T18:33:45","slug":"pagina-exemplo","status":"publish","type":"page","link":"https:\/\/studiofernandofernandes.com.br\/loja\/","title":{"rendered":"Home"},"content":{"rendered":"\t\t<div data-elementor-type=\"wp-page\" data-elementor-id=\"2\" class=\"elementor elementor-2\">\n\t\t\t\t\t\t<section class=\"elementor-section elementor-top-section elementor-element elementor-element-88e7318 elementor-section-boxed elementor-section-height-default elementor-section-height-default\" data-id=\"88e7318\" data-element_type=\"section\" data-settings=\"{&quot;background_background&quot;:&quot;classic&quot;,&quot;shape_divider_top&quot;:&quot;split&quot;}\">\n\t\t\t\t\t<div class=\"elementor-shape elementor-shape-top\" aria-hidden=\"true\" data-negative=\"false\">\n\t\t\t<svg xmlns=\"http:\/\/www.w3.org\/2000\/svg\" viewBox=\"0 0 1000 20\" preserveAspectRatio=\"none\">\n\t<path class=\"elementor-shape-fill\" d=\"M0,0v3c0,0,393.8,0,483.4,0c9.2,0,16.6,7.4,16.6,16.6c0-9.1,7.4-16.6,16.6-16.6C606.2,3,1000,3,1000,3V0H0z\"\/>\n<\/svg>\t\t<\/div>\n\t\t\t\t\t<div class=\"elementor-container elementor-column-gap-default\">\n\t\t\t\t\t<div class=\"elementor-column elementor-col-100 elementor-top-column elementor-element elementor-element-2b93dd0\" data-id=\"2b93dd0\" data-element_type=\"column\">\n\t\t\t<div class=\"elementor-widget-wrap elementor-element-populated\">\n\t\t\t\t\t\t<div class=\"elementor-element elementor-element-036036f elementor-widget elementor-widget-spacer\" data-id=\"036036f\" data-element_type=\"widget\" data-widget_type=\"spacer.default\">\n\t\t\t\t<div class=\"elementor-widget-container\">\n\t\t\t\t\t\t\t<div class=\"elementor-spacer\">\n\t\t\t<div class=\"elementor-spacer-inner\"><\/div>\n\t\t<\/div>\n\t\t\t\t\t\t<\/div>\n\t\t\t\t<\/div>\n\t\t\t\t<div class=\"elementor-element elementor-element-b7fc24f elementor-widget elementor-widget-text-editor\" data-id=\"b7fc24f\" data-element_type=\"widget\" data-widget_type=\"text-editor.default\">\n\t\t\t\t<div class=\"elementor-widget-container\">\n\t\t\t\t\t\t\t\t\t<p dir=\"auto\" data-pm-slice=\"1 1 []\">Descubra os Produtos Fernando Fernandes, sua solu\u00e7\u00e3o completa para uma cabelos saud\u00e1vel e brilhante. Nossa linha tem desde shampoo , condicionador \u00e0 base de Argan e R\u00edcino ir\u00e1 transformar seus fios, proporcionando nutri\u00e7\u00e3o, hidrata\u00e7\u00e3o e um brilho deslumbrante. Seja qual for o seu tipo de cabelo, nossos produtos finalizadores ir\u00e3o deix\u00e1-lo com um aspecto impec\u00e1vel e profissional. N\u00e3o perca tempo com f\u00f3rmulas inferiores &#8211; invista em sua beleza com os Produtos. Fernando Fernandes e experimente a diferen\u00e7a que uma cuidadosa formula\u00e7\u00e3o pode fazer. Conven\u00e7a-se hoje mesmo e garanta cabelos incr\u00edveis.<\/p>\t\t\t\t\t\t\t\t<\/div>\n\t\t\t\t<\/div>\n\t\t\t\t\t<\/div>\n\t\t<\/div>\n\t\t\t\t\t<\/div>\n\t\t<\/section>\n\t\t\t\t<section class=\"elementor-section elementor-top-section elementor-element elementor-element-af7af9e elementor-section-boxed elementor-section-height-default elementor-section-height-default\" data-id=\"af7af9e\" data-element_type=\"section\">\n\t\t\t\t\t\t<div class=\"elementor-container elementor-column-gap-no\">\n\t\t\t\t\t<div class=\"elementor-column elementor-col-100 elementor-top-column elementor-element elementor-element-b07b985\" data-id=\"b07b985\" data-element_type=\"column\">\n\t\t\t<div class=\"elementor-widget-wrap elementor-element-populated\">\n\t\t\t\t\t\t<div class=\"elementor-element elementor-element-bdd16a1 elementor-arrows-position-inside elementor-pagination-position-outside elementor-widget elementor-widget-image-carousel\" data-id=\"bdd16a1\" data-element_type=\"widget\" data-settings=\"{&quot;slides_to_show&quot;:&quot;1&quot;,&quot;navigation&quot;:&quot;both&quot;,&quot;autoplay&quot;:&quot;yes&quot;,&quot;pause_on_hover&quot;:&quot;yes&quot;,&quot;pause_on_interaction&quot;:&quot;yes&quot;,&quot;autoplay_speed&quot;:5000,&quot;infinite&quot;:&quot;yes&quot;,&quot;effect&quot;:&quot;slide&quot;,&quot;speed&quot;:500}\" data-widget_type=\"image-carousel.default\">\n\t\t\t\t<div class=\"elementor-widget-container\">\n\t\t\t\t\t\t\t<div class=\"elementor-image-carousel-wrapper swiper\" role=\"region\" aria-roledescription=\"carousel\" aria-label=\"Carrossel de imagens\" dir=\"ltr\">\n\t\t\t<div class=\"elementor-image-carousel swiper-wrapper swiper-image-stretch\" aria-live=\"off\">\n\t\t\t\t\t\t\t\t<div class=\"swiper-slide\" role=\"group\" aria-roledescription=\"slide\" aria-label=\"1 de 1\"><figure class=\"swiper-slide-inner\"><img decoding=\"async\" class=\"swiper-slide-image\" src=\"https:\/\/studiofernandofernandes.com.br\/loja\/wp-content\/uploads\/2024\/11\/WhatsApp-Image-2024-10-31-at-13.55.27-e1730480516810.jpeg\" alt=\"WhatsApp Image 2024-10-31 at 13.55.27\" \/><\/figure><\/div>\t\t\t<\/div>\n\t\t\t\t\t<\/div>\n\t\t\t\t\t\t<\/div>\n\t\t\t\t<\/div>\n\t\t\t\t\t<\/div>\n\t\t<\/div>\n\t\t\t\t\t<\/div>\n\t\t<\/section>\n\t\t\t\t<section class=\"elementor-section elementor-top-section elementor-element elementor-element-55f32ab elementor-section-boxed elementor-section-height-default elementor-section-height-default\" data-id=\"55f32ab\" data-element_type=\"section\" data-settings=\"{&quot;background_background&quot;:&quot;classic&quot;}\">\n\t\t\t\t\t\t<div class=\"elementor-container elementor-column-gap-default\">\n\t\t\t\t\t<div class=\"elementor-column elementor-col-100 elementor-top-column elementor-element elementor-element-ae9001f\" data-id=\"ae9001f\" data-element_type=\"column\">\n\t\t\t<div class=\"elementor-widget-wrap elementor-element-populated\">\n\t\t\t\t\t\t<div class=\"elementor-element elementor-element-9a7d061 elementor-widget elementor-widget-heading\" data-id=\"9a7d061\" data-element_type=\"widget\" data-widget_type=\"heading.default\">\n\t\t\t\t<div class=\"elementor-widget-container\">\n\t\t\t\t\t<h2 class=\"elementor-heading-title elementor-size-default\">Conhe\u00e7a os nossos produtos<\/h2>\t\t\t\t<\/div>\n\t\t\t\t<\/div>\n\t\t\t\t<div class=\"elementor-element elementor-element-e9b23d9 elementor-widget elementor-widget-spacer\" data-id=\"e9b23d9\" data-element_type=\"widget\" data-widget_type=\"spacer.default\">\n\t\t\t\t<div class=\"elementor-widget-container\">\n\t\t\t\t\t\t\t<div class=\"elementor-spacer\">\n\t\t\t<div class=\"elementor-spacer-inner\"><\/div>\n\t\t<\/div>\n\t\t\t\t\t\t<\/div>\n\t\t\t\t<\/div>\n\t\t\t\t<div class=\"elementor-element elementor-element-2bab751 elementor-grid-3 elementor-product-loop-item--align-center elementor-grid-tablet-3 elementor-grid-mobile-2 elementor-products-grid elementor-wc-products elementor-widget elementor-widget-woocommerce-products\" data-id=\"2bab751\" data-element_type=\"widget\" data-widget_type=\"woocommerce-products.default\">\n\t\t\t\t<div class=\"elementor-widget-container\">\n\t\t\t\t\t<div class=\"woocommerce columns-3 \"><ul class=\"products elementor-grid columns-3\">\n<li class=\"product type-product post-91 status-publish first instock product_cat-finalizadores has-post-thumbnail sale shipping-taxable purchasable product-type-simple\">\n\t<a href=\"https:\/\/studiofernandofernandes.com.br\/loja\/produto\/silk-styling\/\" class=\"woocommerce-LoopProduct-link woocommerce-loop-product__link\">\n\t<span class=\"onsale\">Oferta!<\/span>\n\t<img fetchpriority=\"high\" decoding=\"async\" width=\"300\" height=\"300\" src=\"https:\/\/studiofernandofernandes.com.br\/loja\/wp-content\/uploads\/2024\/07\/silk-com-fundo-branco-300x300.png\" class=\"attachment-woocommerce_thumbnail size-woocommerce_thumbnail\" alt=\"Silk Styling\" srcset=\"https:\/\/studiofernandofernandes.com.br\/loja\/wp-content\/uploads\/2024\/07\/silk-com-fundo-branco-300x300.png 300w, https:\/\/studiofernandofernandes.com.br\/loja\/wp-content\/uploads\/2024\/07\/silk-com-fundo-branco-150x150.png 150w, https:\/\/studiofernandofernandes.com.br\/loja\/wp-content\/uploads\/2024\/07\/silk-com-fundo-branco-100x100.png 100w, https:\/\/studiofernandofernandes.com.br\/loja\/wp-content\/uploads\/2024\/07\/silk-com-fundo-branco.png 591w\" sizes=\"(max-width: 300px) 100vw, 300px\" \/><h2 class=\"woocommerce-loop-product__title\">Silk Styling<\/h2>\n\t<span class=\"price\"><del aria-hidden=\"true\"><span class=\"woocommerce-Price-amount amount\"><bdi><span class=\"woocommerce-Price-currencySymbol\">&#82;&#36;<\/span>&nbsp;74,00<\/bdi><\/span><\/del> <span class=\"screen-reader-text\">O pre\u00e7o original era: &#082;&#036;&nbsp;74,00.<\/span><ins aria-hidden=\"true\"><span class=\"woocommerce-Price-amount amount\"><bdi><span class=\"woocommerce-Price-currencySymbol\">&#82;&#36;<\/span>&nbsp;69,00<\/bdi><\/span><\/ins><span class=\"screen-reader-text\">O pre\u00e7o atual \u00e9: &#082;&#036;&nbsp;69,00.<\/span><\/span>\n<\/a><a href=\"\/loja\/wp-json\/wp\/v2\/pages\/2?add-to-cart=91\" aria-describedby=\"woocommerce_loop_add_to_cart_link_describedby_91\" data-quantity=\"1\" class=\"button product_type_simple add_to_cart_button ajax_add_to_cart\" data-product_id=\"91\" data-product_sku=\"\" aria-label=\"Adicione ao carrinho: &ldquo;Silk Styling&rdquo;\" rel=\"nofollow\" data-success_message=\"\u201cSilk Styling\u201d foi adicionado ao seu carrinho\">Adicionar ao carrinho<\/a>\t<span id=\"woocommerce_loop_add_to_cart_link_describedby_91\" class=\"screen-reader-text\">\n\t\t\t<\/span>\n<\/li>\n<li class=\"product type-product post-89 status-publish instock product_cat-hidratacao has-post-thumbnail sale shipping-taxable purchasable product-type-simple\">\n\t<a href=\"https:\/\/studiofernandofernandes.com.br\/loja\/produto\/intense-mask\/\" class=\"woocommerce-LoopProduct-link woocommerce-loop-product__link\">\n\t<span class=\"onsale\">Oferta!<\/span>\n\t<img decoding=\"async\" width=\"300\" height=\"300\" src=\"https:\/\/studiofernandofernandes.com.br\/loja\/wp-content\/uploads\/2024\/07\/intense-mask-multi-oils-300x300.png\" class=\"attachment-woocommerce_thumbnail size-woocommerce_thumbnail\" alt=\"Intense Mask\" srcset=\"https:\/\/studiofernandofernandes.com.br\/loja\/wp-content\/uploads\/2024\/07\/intense-mask-multi-oils-300x300.png 300w, https:\/\/studiofernandofernandes.com.br\/loja\/wp-content\/uploads\/2024\/07\/intense-mask-multi-oils-150x150.png 150w, https:\/\/studiofernandofernandes.com.br\/loja\/wp-content\/uploads\/2024\/07\/intense-mask-multi-oils-768x767.png 768w, https:\/\/studiofernandofernandes.com.br\/loja\/wp-content\/uploads\/2024\/07\/intense-mask-multi-oils-600x599.png 600w, https:\/\/studiofernandofernandes.com.br\/loja\/wp-content\/uploads\/2024\/07\/intense-mask-multi-oils-100x100.png 100w, https:\/\/studiofernandofernandes.com.br\/loja\/wp-content\/uploads\/2024\/07\/intense-mask-multi-oils.png 804w\" sizes=\"(max-width: 300px) 100vw, 300px\" \/><h2 class=\"woocommerce-loop-product__title\">Intense Mask<\/h2>\n\t<span class=\"price\"><del aria-hidden=\"true\"><span class=\"woocommerce-Price-amount amount\"><bdi><span class=\"woocommerce-Price-currencySymbol\">&#82;&#36;<\/span>&nbsp;81,00<\/bdi><\/span><\/del> <span class=\"screen-reader-text\">O pre\u00e7o original era: &#082;&#036;&nbsp;81,00.<\/span><ins aria-hidden=\"true\"><span class=\"woocommerce-Price-amount amount\"><bdi><span class=\"woocommerce-Price-currencySymbol\">&#82;&#36;<\/span>&nbsp;76,00<\/bdi><\/span><\/ins><span class=\"screen-reader-text\">O pre\u00e7o atual \u00e9: &#082;&#036;&nbsp;76,00.<\/span><\/span>\n<\/a><a href=\"\/loja\/wp-json\/wp\/v2\/pages\/2?add-to-cart=89\" aria-describedby=\"woocommerce_loop_add_to_cart_link_describedby_89\" data-quantity=\"1\" class=\"button product_type_simple add_to_cart_button ajax_add_to_cart\" data-product_id=\"89\" data-product_sku=\"\" aria-label=\"Adicione ao carrinho: &ldquo;Intense Mask&rdquo;\" rel=\"nofollow\" data-success_message=\"\u201cIntense Mask\u201d foi adicionado ao seu carrinho\">Adicionar ao carrinho<\/a>\t<span id=\"woocommerce_loop_add_to_cart_link_describedby_89\" class=\"screen-reader-text\">\n\t\t\t<\/span>\n<\/li>\n<li class=\"product type-product post-87 status-publish last instock product_cat-sem-categoria has-post-thumbnail sale shipping-taxable purchasable product-type-simple\">\n\t<a href=\"https:\/\/studiofernandofernandes.com.br\/loja\/produto\/condicionador-ff\/\" class=\"woocommerce-LoopProduct-link woocommerce-loop-product__link\">\n\t<span class=\"onsale\">Oferta!<\/span>\n\t<img decoding=\"async\" width=\"300\" height=\"300\" src=\"https:\/\/studiofernandofernandes.com.br\/loja\/wp-content\/uploads\/2024\/07\/conditioner-com-fundo-branco-300x300.png\" class=\"attachment-woocommerce_thumbnail size-woocommerce_thumbnail\" alt=\"Condicionador FF\" srcset=\"https:\/\/studiofernandofernandes.com.br\/loja\/wp-content\/uploads\/2024\/07\/conditioner-com-fundo-branco-300x300.png 300w, https:\/\/studiofernandofernandes.com.br\/loja\/wp-content\/uploads\/2024\/07\/conditioner-com-fundo-branco-150x150.png 150w, https:\/\/studiofernandofernandes.com.br\/loja\/wp-content\/uploads\/2024\/07\/conditioner-com-fundo-branco-100x100.png 100w, https:\/\/studiofernandofernandes.com.br\/loja\/wp-content\/uploads\/2024\/07\/conditioner-com-fundo-branco.png 591w\" sizes=\"(max-width: 300px) 100vw, 300px\" \/><h2 class=\"woocommerce-loop-product__title\">Condicionador FF<\/h2>\n\t<span class=\"price\"><del aria-hidden=\"true\"><span class=\"woocommerce-Price-amount amount\"><bdi><span class=\"woocommerce-Price-currencySymbol\">&#82;&#36;<\/span>&nbsp;75,00<\/bdi><\/span><\/del> <span class=\"screen-reader-text\">O pre\u00e7o original era: &#082;&#036;&nbsp;75,00.<\/span><ins aria-hidden=\"true\"><span class=\"woocommerce-Price-amount amount\"><bdi><span class=\"woocommerce-Price-currencySymbol\">&#82;&#36;<\/span>&nbsp;70,00<\/bdi><\/span><\/ins><span class=\"screen-reader-text\">O pre\u00e7o atual \u00e9: &#082;&#036;&nbsp;70,00.<\/span><\/span>\n<\/a><a href=\"\/loja\/wp-json\/wp\/v2\/pages\/2?add-to-cart=87\" aria-describedby=\"woocommerce_loop_add_to_cart_link_describedby_87\" data-quantity=\"1\" class=\"button product_type_simple add_to_cart_button ajax_add_to_cart\" data-product_id=\"87\" data-product_sku=\"\" aria-label=\"Adicione ao carrinho: &ldquo;Condicionador FF&rdquo;\" rel=\"nofollow\" data-success_message=\"\u201cCondicionador FF\u201d foi adicionado ao seu carrinho\">Adicionar ao carrinho<\/a>\t<span id=\"woocommerce_loop_add_to_cart_link_describedby_87\" class=\"screen-reader-text\">\n\t\t\t<\/span>\n<\/li>\n<li class=\"product type-product post-85 status-publish first instock product_cat-leave-in has-post-thumbnail sale shipping-taxable purchasable product-type-simple\">\n\t<a href=\"https:\/\/studiofernandofernandes.com.br\/loja\/produto\/perfect-leave-in\/\" class=\"woocommerce-LoopProduct-link woocommerce-loop-product__link\">\n\t<span class=\"onsale\">Oferta!<\/span>\n\t<img loading=\"lazy\" decoding=\"async\" width=\"300\" height=\"300\" src=\"https:\/\/studiofernandofernandes.com.br\/loja\/wp-content\/uploads\/2024\/07\/perfect-leave-in-com-fundo-branco-300x300.png\" class=\"attachment-woocommerce_thumbnail size-woocommerce_thumbnail\" alt=\"Perfect Leave-in\" srcset=\"https:\/\/studiofernandofernandes.com.br\/loja\/wp-content\/uploads\/2024\/07\/perfect-leave-in-com-fundo-branco-300x300.png 300w, https:\/\/studiofernandofernandes.com.br\/loja\/wp-content\/uploads\/2024\/07\/perfect-leave-in-com-fundo-branco-150x150.png 150w, https:\/\/studiofernandofernandes.com.br\/loja\/wp-content\/uploads\/2024\/07\/perfect-leave-in-com-fundo-branco-100x100.png 100w, https:\/\/studiofernandofernandes.com.br\/loja\/wp-content\/uploads\/2024\/07\/perfect-leave-in-com-fundo-branco.png 591w\" sizes=\"(max-width: 300px) 100vw, 300px\" \/><h2 class=\"woocommerce-loop-product__title\">Perfect Leave-in<\/h2>\n\t<span class=\"price\"><del aria-hidden=\"true\"><span class=\"woocommerce-Price-amount amount\"><bdi><span class=\"woocommerce-Price-currencySymbol\">&#82;&#36;<\/span>&nbsp;74,00<\/bdi><\/span><\/del> <span class=\"screen-reader-text\">O pre\u00e7o original era: &#082;&#036;&nbsp;74,00.<\/span><ins aria-hidden=\"true\"><span class=\"woocommerce-Price-amount amount\"><bdi><span class=\"woocommerce-Price-currencySymbol\">&#82;&#36;<\/span>&nbsp;69,00<\/bdi><\/span><\/ins><span class=\"screen-reader-text\">O pre\u00e7o atual \u00e9: &#082;&#036;&nbsp;69,00.<\/span><\/span>\n<\/a><a href=\"\/loja\/wp-json\/wp\/v2\/pages\/2?add-to-cart=85\" aria-describedby=\"woocommerce_loop_add_to_cart_link_describedby_85\" data-quantity=\"1\" class=\"button product_type_simple add_to_cart_button ajax_add_to_cart\" data-product_id=\"85\" data-product_sku=\"\" aria-label=\"Adicione ao carrinho: &ldquo;Perfect Leave-in&rdquo;\" rel=\"nofollow\" data-success_message=\"\u201cPerfect Leave-in\u201d foi adicionado ao seu carrinho\">Adicionar ao carrinho<\/a>\t<span id=\"woocommerce_loop_add_to_cart_link_describedby_85\" class=\"screen-reader-text\">\n\t\t\t<\/span>\n<\/li>\n<li class=\"product type-product post-83 status-publish instock product_cat-finalizadores has-post-thumbnail sale shipping-taxable purchasable product-type-simple\">\n\t<a href=\"https:\/\/studiofernandofernandes.com.br\/loja\/produto\/miracle-mask\/\" class=\"woocommerce-LoopProduct-link woocommerce-loop-product__link\">\n\t<span class=\"onsale\">Oferta!<\/span>\n\t<img loading=\"lazy\" decoding=\"async\" width=\"300\" height=\"300\" src=\"https:\/\/studiofernandofernandes.com.br\/loja\/wp-content\/uploads\/2024\/07\/miracle-mask-com-fundo-branco-300x300.png\" class=\"attachment-woocommerce_thumbnail size-woocommerce_thumbnail\" alt=\"Miracle Mask\" srcset=\"https:\/\/studiofernandofernandes.com.br\/loja\/wp-content\/uploads\/2024\/07\/miracle-mask-com-fundo-branco-300x300.png 300w, https:\/\/studiofernandofernandes.com.br\/loja\/wp-content\/uploads\/2024\/07\/miracle-mask-com-fundo-branco-150x150.png 150w, https:\/\/studiofernandofernandes.com.br\/loja\/wp-content\/uploads\/2024\/07\/miracle-mask-com-fundo-branco-100x100.png 100w, https:\/\/studiofernandofernandes.com.br\/loja\/wp-content\/uploads\/2024\/07\/miracle-mask-com-fundo-branco.png 591w\" sizes=\"(max-width: 300px) 100vw, 300px\" \/><h2 class=\"woocommerce-loop-product__title\">Miracle Mask<\/h2>\n\t<span class=\"price\"><del aria-hidden=\"true\"><span class=\"woocommerce-Price-amount amount\"><bdi><span class=\"woocommerce-Price-currencySymbol\">&#82;&#36;<\/span>&nbsp;81,00<\/bdi><\/span><\/del> <span class=\"screen-reader-text\">O pre\u00e7o original era: &#082;&#036;&nbsp;81,00.<\/span><ins aria-hidden=\"true\"><span class=\"woocommerce-Price-amount amount\"><bdi><span class=\"woocommerce-Price-currencySymbol\">&#82;&#36;<\/span>&nbsp;76,00<\/bdi><\/span><\/ins><span class=\"screen-reader-text\">O pre\u00e7o atual \u00e9: &#082;&#036;&nbsp;76,00.<\/span><\/span>\n<\/a><a href=\"\/loja\/wp-json\/wp\/v2\/pages\/2?add-to-cart=83\" aria-describedby=\"woocommerce_loop_add_to_cart_link_describedby_83\" data-quantity=\"1\" class=\"button product_type_simple add_to_cart_button ajax_add_to_cart\" data-product_id=\"83\" data-product_sku=\"\" aria-label=\"Adicione ao carrinho: &ldquo;Miracle Mask&rdquo;\" rel=\"nofollow\" data-success_message=\"\u201cMiracle Mask\u201d foi adicionado ao seu carrinho\">Adicionar ao carrinho<\/a>\t<span id=\"woocommerce_loop_add_to_cart_link_describedby_83\" class=\"screen-reader-text\">\n\t\t\t<\/span>\n<\/li>\n<li class=\"product type-product post-80 status-publish last instock product_cat-finalizadores has-post-thumbnail sale shipping-taxable purchasable product-type-simple\">\n\t<a href=\"https:\/\/studiofernandofernandes.com.br\/loja\/produto\/oleo-argan-ricino\/\" class=\"woocommerce-LoopProduct-link woocommerce-loop-product__link\">\n\t<span class=\"onsale\">Oferta!<\/span>\n\t<img loading=\"lazy\" decoding=\"async\" width=\"300\" height=\"300\" src=\"https:\/\/studiofernandofernandes.com.br\/loja\/wp-content\/uploads\/2024\/07\/argan-e-ricino-com-fundo-branco-300x300.png\" class=\"attachment-woocommerce_thumbnail size-woocommerce_thumbnail\" alt=\"\u00d3leo Argan &amp; R\u00edcino\" srcset=\"https:\/\/studiofernandofernandes.com.br\/loja\/wp-content\/uploads\/2024\/07\/argan-e-ricino-com-fundo-branco-300x300.png 300w, https:\/\/studiofernandofernandes.com.br\/loja\/wp-content\/uploads\/2024\/07\/argan-e-ricino-com-fundo-branco-150x150.png 150w, https:\/\/studiofernandofernandes.com.br\/loja\/wp-content\/uploads\/2024\/07\/argan-e-ricino-com-fundo-branco-100x100.png 100w, https:\/\/studiofernandofernandes.com.br\/loja\/wp-content\/uploads\/2024\/07\/argan-e-ricino-com-fundo-branco.png 592w\" sizes=\"(max-width: 300px) 100vw, 300px\" \/><h2 class=\"woocommerce-loop-product__title\">\u00d3leo Argan &#038; R\u00edcino<\/h2>\n\t<span class=\"price\"><del aria-hidden=\"true\"><span class=\"woocommerce-Price-amount amount\"><bdi><span class=\"woocommerce-Price-currencySymbol\">&#82;&#36;<\/span>&nbsp;62,00<\/bdi><\/span><\/del> <span class=\"screen-reader-text\">O pre\u00e7o original era: &#082;&#036;&nbsp;62,00.<\/span><ins aria-hidden=\"true\"><span class=\"woocommerce-Price-amount amount\"><bdi><span class=\"woocommerce-Price-currencySymbol\">&#82;&#36;<\/span>&nbsp;57,00<\/bdi><\/span><\/ins><span class=\"screen-reader-text\">O pre\u00e7o atual \u00e9: &#082;&#036;&nbsp;57,00.<\/span><\/span>\n<\/a><a href=\"\/loja\/wp-json\/wp\/v2\/pages\/2?add-to-cart=80\" aria-describedby=\"woocommerce_loop_add_to_cart_link_describedby_80\" data-quantity=\"1\" class=\"button product_type_simple add_to_cart_button ajax_add_to_cart\" data-product_id=\"80\" data-product_sku=\"\" aria-label=\"Adicione ao carrinho: &ldquo;\u00d3leo Argan &amp; R\u00edcino&rdquo;\" rel=\"nofollow\" data-success_message=\"\u201c\u00d3leo Argan &amp; R\u00edcino\u201d foi adicionado ao seu carrinho\">Adicionar ao carrinho<\/a>\t<span id=\"woocommerce_loop_add_to_cart_link_describedby_80\" class=\"screen-reader-text\">\n\t\t\t<\/span>\n<\/li>\n<li class=\"product type-product post-70 status-publish first instock product_cat-shampoo has-post-thumbnail sale shipping-taxable purchasable product-type-simple\">\n\t<a href=\"https:\/\/studiofernandofernandes.com.br\/loja\/produto\/shampoo-ff\/\" class=\"woocommerce-LoopProduct-link woocommerce-loop-product__link\">\n\t<span class=\"onsale\">Oferta!<\/span>\n\t<img loading=\"lazy\" decoding=\"async\" width=\"300\" height=\"300\" src=\"https:\/\/studiofernandofernandes.com.br\/loja\/wp-content\/uploads\/2024\/07\/shampoo-com-fundo-branco-300x300.png\" class=\"attachment-woocommerce_thumbnail size-woocommerce_thumbnail\" alt=\"Shampoo FF\" srcset=\"https:\/\/studiofernandofernandes.com.br\/loja\/wp-content\/uploads\/2024\/07\/shampoo-com-fundo-branco-300x300.png 300w, https:\/\/studiofernandofernandes.com.br\/loja\/wp-content\/uploads\/2024\/07\/shampoo-com-fundo-branco-150x150.png 150w, https:\/\/studiofernandofernandes.com.br\/loja\/wp-content\/uploads\/2024\/07\/shampoo-com-fundo-branco-100x100.png 100w, https:\/\/studiofernandofernandes.com.br\/loja\/wp-content\/uploads\/2024\/07\/shampoo-com-fundo-branco.png 592w\" sizes=\"(max-width: 300px) 100vw, 300px\" \/><h2 class=\"woocommerce-loop-product__title\">Shampoo FF<\/h2>\n\t<span class=\"price\"><del aria-hidden=\"true\"><span class=\"woocommerce-Price-amount amount\"><bdi><span class=\"woocommerce-Price-currencySymbol\">&#82;&#36;<\/span>&nbsp;75,00<\/bdi><\/span><\/del> <span class=\"screen-reader-text\">O pre\u00e7o original era: &#082;&#036;&nbsp;75,00.<\/span><ins aria-hidden=\"true\"><span class=\"woocommerce-Price-amount amount\"><bdi><span class=\"woocommerce-Price-currencySymbol\">&#82;&#36;<\/span>&nbsp;70,00<\/bdi><\/span><\/ins><span class=\"screen-reader-text\">O pre\u00e7o atual \u00e9: &#082;&#036;&nbsp;70,00.<\/span><\/span>\n<\/a><a href=\"\/loja\/wp-json\/wp\/v2\/pages\/2?add-to-cart=70\" aria-describedby=\"woocommerce_loop_add_to_cart_link_describedby_70\" data-quantity=\"1\" class=\"button product_type_simple add_to_cart_button ajax_add_to_cart\" data-product_id=\"70\" data-product_sku=\"\" aria-label=\"Adicione ao carrinho: &ldquo;Shampoo FF&rdquo;\" rel=\"nofollow\" data-success_message=\"\u201cShampoo FF\u201d foi adicionado ao seu carrinho\">Adicionar ao carrinho<\/a>\t<span id=\"woocommerce_loop_add_to_cart_link_describedby_70\" class=\"screen-reader-text\">\n\t\t\t<\/span>\n<\/li>\n<\/ul>\n<\/div>\t\t\t\t<\/div>\n\t\t\t\t<\/div>\n\t\t\t\t<div class=\"elementor-element elementor-element-7da0566 elementor-widget elementor-widget-spacer\" data-id=\"7da0566\" data-element_type=\"widget\" data-widget_type=\"spacer.default\">\n\t\t\t\t<div class=\"elementor-widget-container\">\n\t\t\t\t\t\t\t<div class=\"elementor-spacer\">\n\t\t\t<div class=\"elementor-spacer-inner\"><\/div>\n\t\t<\/div>\n\t\t\t\t\t\t<\/div>\n\t\t\t\t<\/div>\n\t\t\t\t\t<\/div>\n\t\t<\/div>\n\t\t\t\t\t<\/div>\n\t\t<\/section>\n\t\t\t\t<\/div>\n\t\t","protected":false},"excerpt":{"rendered":"<p>Descubra os Produtos Fernando Fernandes, sua solu\u00e7\u00e3o completa para uma cabelos saud\u00e1vel e brilhante. Nossa linha tem desde shampoo , condicionador \u00e0 base de Argan e R\u00edcino ir\u00e1 transformar seus fios, proporcionando nutri\u00e7\u00e3o, hidrata\u00e7\u00e3o e um brilho deslumbrante. Seja qual for o seu tipo de cabelo, nossos produtos finalizadores ir\u00e3o deix\u00e1-lo com um aspecto impec\u00e1vel [&hellip;]<\/p>\n","protected":false},"author":1,"featured_media":0,"parent":0,"menu_order":0,"comment_status":"closed","ping_status":"open","template":"","meta":{"footnotes":""},"class_list":["post-2","page","type-page","status-publish","hentry"],"_links":{"self":[{"href":"https:\/\/studiofernandofernandes.com.br\/loja\/wp-json\/wp\/v2\/pages\/2","targetHints":{"allow":["GET"]}}],"collection":[{"href":"https:\/\/studiofernandofernandes.com.br\/loja\/wp-json\/wp\/v2\/pages"}],"about":[{"href":"https:\/\/studiofernandofernandes.com.br\/loja\/wp-json\/wp\/v2\/types\/page"}],"author":[{"embeddable":true,"href":"https:\/\/studiofernandofernandes.com.br\/loja\/wp-json\/wp\/v2\/users\/1"}],"replies":[{"embeddable":true,"href":"https:\/\/studiofernandofernandes.com.br\/loja\/wp-json\/wp\/v2\/comments?post=2"}],"version-history":[{"count":77,"href":"https:\/\/studiofernandofernandes.com.br\/loja\/wp-json\/wp\/v2\/pages\/2\/revisions"}],"predecessor-version":[{"id":356,"href":"https:\/\/studiofernandofernandes.com.br\/loja\/wp-json\/wp\/v2\/pages\/2\/revisions\/356"}],"wp:attachment":[{"href":"https:\/\/studiofernandofernandes.com.br\/loja\/wp-json\/wp\/v2\/media?parent=2"}],"curies":[{"name":"wp","href":"https:\/\/api.w.org\/{rel}","templated":true}]}}